{"id":43,"date":"2017-05-21T11:06:09","date_gmt":"2017-05-21T11:06:09","guid":{"rendered":"https:\/\/cibmal.dk\/wordpress\/?page_id=43"},"modified":"2020-07-10T15:52:53","modified_gmt":"2020-07-10T15:52:53","slug":"kompetencer","status":"publish","type":"page","link":"https:\/\/cibmal.dk\/?page_id=43","title":{"rendered":"Kompetencer"},"content":{"rendered":"<p>Jeg koder\u00a0prim\u00e6rt i hj\u00e6lpeprogrammer som <strong>.NET<\/strong> (<strong>C#<\/strong>, <strong>VB<\/strong>, <strong>C<\/strong>) og til baser i <strong>SQL<\/strong> (<strong>MS\/ORACLE\/PG<\/strong>).<br \/>\nPascal og maskinkode anvendes ogs\u00e5, omend efterh\u00e5nden sj\u00e6ldent.<\/p>\n<h3>Eksempler p\u00e5 opgavetyper<\/h3>\n<ul>\n<li>Datavask: Dataanalyser &#8211; herunder afd\u00e6kning af\u00a0inkonsistente data<\/li>\n<li>Konvertering\/transport af data mellem forskellige baser og systemer. L\u00f8bende eller engangs.<\/li>\n<li>Databasedesign<\/li>\n<li>Fejls\u00f8gning i &#8211; og tilretning af &#8211; (andres) kode<\/li>\n<li>Drivere, fx <a href=\"https:\/\/msdn.microsoft.com\/en-us\/library\/aa384615%28VS.85%29.aspx\">VSS Hardware Provider<\/a><\/li>\n<li>Driftst\u00f8tte (typisk 10-100 Windows-computere)<\/li>\n<\/ul>\n<p>Jeg laver gerne en r\u00e5skitse og\/eller en mock-up, der pr\u00e6senteres for jer undervejs for at sikre, at vi er enige om projektets retning, f\u00f8r jeg g\u00e5r videre.<\/p>\n<p>CIBMALs rolle vil typisk v\u00e6re at st\u00e5 for design og kodning af et underliggende system samt logisk design af front-end.<br \/>\nOfte vil kodning af front-end ved st\u00f8rre systemer med \u00f8konomisk fordel kunne l\u00e6gges hos en anden leverand\u00f8r. Det grafiske design kan oftest med fordel overlades til arkitekter eller lignende med specialkompetancer desang\u00e5ende.<\/p>\n<p>Det er sj\u00e6ldent &#8211; og meget n\u00f8digt &#8211; jeg laver fastpristilbud. Det sidste var i forrige \u00e5rhundrede&#8230;<\/p>\n<h4>Har du et projekt? S\u00e5 <a href=\"https:\/\/cibmal.dk\/?page_id=41\"><span style=\"text-decoration: underline;\">kontakt mig her<\/span><\/a>.<\/h4>\n<h4><\/h4>\n","protected":false},"excerpt":{"rendered":"<p>Jeg koder\u00a0prim\u00e6rt i hj\u00e6lpeprogrammer som .NET (C#, VB, C) og til baser i SQL (MS\/ORACLE\/PG). Pascal og maskinkode anvendes ogs\u00e5, omend efterh\u00e5nden sj\u00e6ldent. Eksempler p\u00e5 opgavetyper Datavask: Dataanalyser &#8211; herunder afd\u00e6kning af\u00a0inkonsistente data Konvertering\/transport af data mellem forskellige baser og systemer. L\u00f8bende eller engangs. Databasedesign Fejls\u00f8gning i &#8211; og tilretning af &#8211; (andres) kode Drivere, [&hellip;]<\/p>\n","protected":false},"author":2,"featured_media":159,"parent":0,"menu_order":0,"comment_status":"closed","ping_status":"closed","template":"","meta":{"footnotes":""},"class_list":["post-43","page","type-page","status-publish","has-post-thumbnail","hentry"],"_links":{"self":[{"href":"https:\/\/cibmal.dk\/index.php?rest_route=\/wp\/v2\/pages\/43","targetHints":{"allow":["GET"]}}],"collection":[{"href":"https:\/\/cibmal.dk\/index.php?rest_route=\/wp\/v2\/pages"}],"about":[{"href":"https:\/\/cibmal.dk\/index.php?rest_route=\/wp\/v2\/types\/page"}],"author":[{"embeddable":true,"href":"https:\/\/cibmal.dk\/index.php?rest_route=\/wp\/v2\/users\/2"}],"replies":[{"embeddable":true,"href":"https:\/\/cibmal.dk\/index.php?rest_route=%2Fwp%2Fv2%2Fcomments&post=43"}],"version-history":[{"count":3,"href":"https:\/\/cibmal.dk\/index.php?rest_route=\/wp\/v2\/pages\/43\/revisions"}],"predecessor-version":[{"id":190,"href":"https:\/\/cibmal.dk\/index.php?rest_route=\/wp\/v2\/pages\/43\/revisions\/190"}],"wp:featuredmedia":[{"embeddable":true,"href":"https:\/\/cibmal.dk\/index.php?rest_route=\/wp\/v2\/media\/159"}],"wp:attachment":[{"href":"https:\/\/cibmal.dk\/index.php?rest_route=%2Fwp%2Fv2%2Fmedia&parent=43"}],"curies":[{"name":"wp","href":"https:\/\/api.w.org\/{rel}","templated":true}]}}